4
Let u(n) = n**2 - n - 4. Let p be u(3). Let c be 206/10 - (-2)/5. Suppose -5*s + 2*z = -c, p*s - 3 = 3*z + 1. What is the highest common factor of 35 and s?
5
Suppose 20 = i - 5*m, 0 = -2*i + 4*i + m - 18. What is the highest common factor of 50 and i?
10
Let q = -14 - -29. Suppose 0*g + 240 = 2*g. Calculate the greatest common factor of q and g.
15
Let g(f) = -10*f**2 - 4*f**3 - 2*f + f**3 - 7*f + 4*f**3 - 13. Let a be g(11). What is the greatest common divisor of a and 27?
9
Suppose -134 - 166 = -2*y. Suppose -s = 4*j - 868 + y, -2*j = 4*s - 352. Calculate the greatest common divisor of 18 and j.
18
Suppose j + 10 = -4*x, 2*j = 2*x - 5*x - 5. Suppose -4*z = 5*i + 74, 3*z + 46 = j*i - i. Let u = 5 - z. Calculate the greatest common factor of u and 14.
7
Let q = -60 - -102. Suppose -2*i + 3 = -9. Calculate the highest common factor of q and i.
6
Suppose 0*v + 5*y + 7 = 2*v, -8 = -5*v + 3*y. Calculate the greatest common factor of v and 4.
1
Let y(n) = n**3 - 4*n**2 + 5*n - 2. Let g be y(4). Suppose -2*j + s = 5*s - 34, -2*j = -s - 59. What is the highest common factor of j and g?
9
Let l = 54 - 32. Calculate the greatest common factor of l and 154.
22
Let k be ((-2)/(-4))/(8/96). Calculate the highest common divisor of k and 3.
3
Let d(o) = -o - 1. Let r be d(-1). Let q be (20 + r)/2 - 2. Calculate the highest common divisor of q and 64.
8
Let n be ((-2)/(-1) - 3) + 1. Suppose q - 5 - 11 = n. What is the greatest common divisor of q and 16?
16
Let z be -3 + (-2 - -19) + -3. Calculate the greatest common divisor of z and 11.
11
Suppose 5*s + 0*s - 40 = 0. Let n = 4 - 4. Let h(y) = y**2 + y + 80. Let l be h(n). What is the greatest common divisor of l and s?
8
Let q = -10 - -25. Let u(i) = 5*i**3 - i**2 - 2*i. Let p be u(3). Calculate the greatest common factor of p and q.
15
Let d(b) = 2*b**2 + b - 15. Let n be d(4). What is the highest common factor of 105 and n?
21
Suppose -3*s - 3 = -0*s. Let u(d) = -7*d + 1. Let w be u(s). Let y be (w/10)/((-2)/(-60)). What is the highest common factor of 36 and y?
12
Let h be (-2)/(-3)*3*16. Calculate the highest common divisor of 16 and h.
16
Let k = 516 - 359. Let c = k + -49. Let a = 28 - 16. Calculate the greatest common divisor of a and c.
12
Suppose -5*p + 0 = -285. Calculate the highest common divisor of 285 and p.
57
Let t(h) = 6*h - 16. Let x be t(4). What is the highest common divisor of x and 1?
1
Let v be 52 + 1 + (1 - 0). Let s = v - -45. Suppose -w - 30 = -5*k + 4*w, -k = 5*w - 36. Calculate the greatest common divisor of s and k.
11
Let y be ((-4)/(-3))/(4/84). Let k = 4 - 15. Let z = -4 - k. Calculate the highest common divisor of y and z.
7
Let c be (-8)/(-10)*5/2. Suppose 2 = 3*k - 1. Calculate the greatest common factor of c and k.
1
Let z(p) = -p**2 + 14*p + 27. Let b be z(12). Calculate the highest common factor of 17 and b.
17
Let y be -2 + 1 + -1 + 156. Let s be (-4)/10*-1 - (-2516)/185. What is the highest common factor of y and s?
14
Let c(l) = 4*l - 6. Let r be c(9). Suppose 3*w = -m + 78, 2*w - 6*w = 5*m - 379. What is the greatest common divisor of m and r?
15
Let g = -2 + 2. Suppose 2*c + g = 14. Let m(u) = u**2 + 5*u + 6. Let b be m(-10). Calculate the highest common factor of c and b.
7
Let l be 0 + (101 - 3/(-3)). Let j = l - 47. Let v = -12 + 17. Calculate the greatest common divisor of v and j.
5
Let z be 44*((-11)/44 - (-5)/4). Calculate the highest common divisor of z and 11.
11
Let d = 2 - -3. Suppose 0 = -d*r + 48 + 12. What is the highest common divisor of 48 and r?
12
Let w be 2/(-11) - 240/(-110). Suppose w*j + 35 = k - 3*j, 3*k - 169 = -j. What is the highest common divisor of 11 and k?
11
Let w(n) = -n**3 + 8*n**2 - 7*n + 6. Let q be w(4). Let v be (3 - (-51)/(-15))*-70. What is the greatest common factor of v and q?
14
Let o = -30 - -44. Let b(q) be the third derivative of q**5/60 + q**4/4 + 7*q**3/6 + q**2. Let i be b(-5). Calculate the greatest common divisor of o and i.
2
Suppose -s - 2 = -2*s. Suppose -5*w + 14 = -s*j - 1, w - 3 = 4*j. Suppose 3*y = 3*d - 30, w*d - y = 3*y + 26. What is the highest common divisor of d and 21?
7
Suppose 1 = -h, -5*l - 2*h = -5*h - 533. Suppose 3*m - w = -5*w + 110, 3*m - l = -5*w. What is the highest common divisor of m and 28?
14
Let m(g) = -34*g - 65. Let i be m(-5). Suppose -2*v - 3*v = -210. What is the greatest common divisor of v and i?
21
Suppose n = -4*x + 197 + 96, 0 = -4*n - 4*x + 1148. Calculate the highest common factor of 15 and n.
15
Let y(b) = 7 + 10*b + 19*b + 5*b - 13*b. Let s(l) = -7*l**3 + l**2 - 1. Let x be s(-1). Let c be y(x). What is the greatest common factor of 14 and c?
14
Let s = 30 + 15. Suppose -3*c - 2*c = -s. Let j be (-64)/(-10) - 14/35. What is the greatest common factor of c and j?
3
Suppose 0 = -g + 587 - 193. Suppose g = 4*u - 90. Let x(p) = 5*p - 24. Let f be x(7). Calculate the highest common divisor of u and f.
11
Suppose 2*y + y = -2*j + 145, 0 = 5*j - 25. Calculate the highest common divisor of y and 18.
9
Let v = 45 - 23. Suppose 5*b + 5*i = 285, 0 = -5*i - 0*i + 10. What is the highest common factor of b and v?
11
Let h(g) = -4*g**2 + g - 1. Let t be h(1). Let i be t/14 - 102/(-14). What is the greatest common factor of 7 and i?
7
Let q(b) = -2*b**3 - 5*b**2 + 6*b + 3. Let j be q(-5). Suppose 4*w + a - 58 = 0, 2*w + 0*a + 5*a - 38 = 0. What is the greatest common divisor of w and j?
14
Let c be -3*(-2)/(-4)*-2. Let h(z) be the first derivative of z**4/4 - z**3 + z**2 - z - 2. Let i be h(c). Calculate the greatest common factor of 20 and i.
5
Suppose -2*x + 2*u - 8 = 0, -2*x - 5*u + 20 = -3*x. Suppose -3*v - 70 = -4*r + 42, -2*r + 5*v + 56 = x. Calculate the highest common divisor of r and 112.
28
Let x(c) = -2*c**3 + 2*c**2 - 3*c. Let j be x(-3). Let r(l) = -l**2 + 28*l - 78. Let h be r(22). What is the greatest common factor of h and j?
27
Let o(n) = 8*n - 6. Let i be o(2). Calculate the highest common divisor of i and 70.
10
Let t be 9/2*(-1 - -7). Let q(g) = g**2 + 3*g + 3. Let o be q(-3). What is the highest common factor of o and t?
3
Let o be (-2)/5 + 310/25. Suppose 2*m - m - o = 0. What is the greatest common divisor of m and 4?
4
Suppose 11*h = -53 + 152. Suppose -3*j + 52 + 2 = 0. What is the highest common factor of h and j?
9
Let l = 195 + -110. What is the greatest common divisor of 5 and l?
5
Suppose 12*w = 15*w - 432. Let n(o) = 3*o**3 - o**2 - 2. Let h be n(2). Calculate the highest common factor of w and h.
18
Let y(b) = -18*b + 6. Let m be y(-3). Calculate the highest common factor of 40 and m.
20
Let o = -10 + 14. Suppose -32 - 16 = -o*p. Let f be (-1 + 10)/(p/64). What is the highest common divisor of 16 and f?
16
Let c(g) = g**3 + 11*g**2 - 25*g + 27. Let j be c(-13). Calculate the greatest common divisor of j and 35.
7
Let k be (-21)/(-2) - (-3)/2. Suppose 4 = 4*l - k. Suppose -3 = 3*p - 0*p, l*j + 3*p - 49 = 0. What is the highest common factor of j and 26?
13
Suppose -3*l + 1 = -11. Let p be 2 + (-5)/15 + 158/6. What is the greatest common factor of l and p?
4
Suppose 0 = 5*u + 3*u + 104. Suppose 0 = 2*p + 4*i - 62, 5*p = -i + 70 + 58. Let f = u + p. What is the highest common factor of 60 and f?
12
Suppose -2*l - 3*l - 5*n = -110, 0 = 5*n + 10. Let u = 4 + l. What is the greatest common divisor of 7 and u?
7
Let c(s) = -3*s + 2. Let a be c(-6). Suppose 0 = 4*g - 9 - 7. Let h be 6/g*a/6. What is the highest common factor of h and 5?
5
Let h(t) = t + 6. Let g be h(0). Let c be 43*4 - -1 - -1. Suppose -c = -4*i + 42. What is the greatest common divisor of i and g?
6
Let r(p) = p**2 - 2*p - 1. Let m be r(3). Suppose 5*h + m*g = -8 + 37, 0 = 5*h + 5*g - 35. Calculate the highest common factor of 35 and h.
5
Suppose -2*n + 27 + 21 = 0. Suppose -15*t + 17*t = -56. Let m = -22 - t. Calculate the greatest common factor of n and m.
6
Let u = -82 - -112. What is the greatest common factor of u and 240?
30
Let v = 24 - 34. Let l be (56/10)/((-4)/v). What is the highest common divisor of 14 and l?
14
Suppose 2*k + 570 = 2*a, 0*k - 1145 = -4*a - k. Calculate the highest common divisor of 26 and a.
26
Let s be 4/(-6)*825/(-10). What is the greatest common factor of s and 11?
11
Let t = 202 + -84. Let l = t + -42. What is the highest common divisor of 19 and l?
19
Let 